{"id":11,"date":"2014-03-05T16:49:06","date_gmt":"2014-03-05T16:49:06","guid":{"rendered":"http:\/\/localhost\/magicreche\/?page_id=8"},"modified":"2023-09-20T18:04:46","modified_gmt":"2023-09-20T18:04:46","slug":"conseil-administration","status":"publish","type":"page","link":"https:\/\/www.fppe.ca\/sppeca\/home\/conseil-administration\/","title":{"rendered":"Conseil d&rsquo;administration"},"content":{"rendered":"<h3 style=\"text-align: center\"><span style=\"color: #000000\"><strong>L&rsquo;ex\u00e9cutif<\/strong><\/span><\/h3>\n<p style=\"text-align: center\">\t\t\r\n\t\t\t\t<style>\r\n\t\t\t\t\t#colorbox_main_container_2777 .wpsm_panel {\r\n\tmargin-bottom: 0px !important;\r\n\tbackground-color: ;\r\n\t\r\n\t\tborder: 1px solid #1e73be;\r\n\t\t\r\n\t\tborder-radius: 5px;\r\n\t\t\t-webkit-box-shadow:0px 0px 7px 0px #000000;\r\n\tbox-shadow:0px 0px 7px 0px #000000;\r\n\t-moz-box-shadow:0px 0px 7px 0px #000000;\r\n\t   \r\n\t}\r\n\r\n#colorbox_main_container_2777 .wpsm_panel-default > .wpsm_panel-heading {\r\n\tbackground-color: #1e73be !important;\r\n\tborder-color: rgba(0,0,0,0.05);\r\n\tborder-top-left-radius: 0px;\r\n\tborder-top-right-radius: 0px;\r\n\t\tborder-top-left-radius: 5px;\r\n\tborder-top-right-radius: 5px;\r\n\t\ttext-align:center !important;\r\n\tpadding:14px 15px !important;\r\n}\r\n\r\n#colorbox_main_container_2777 .colorbox_singel_box{\r\n  margin-bottom:20px !important;\r\n\t  padding-top: 5px;\r\n}\r\n#colorbox_main_container_2777 .wpsm_panel-title{\r\n\tmargin-top: 0 !important;\r\n\tmargin-bottom: 0 !important;\r\n\tfont-size: 16px !important;\r\n\tcolor: #ffffff !important;\r\n\t\tfont-family: Verdana !important;\r\n\t\tword-wrap:break-word;\r\n\ttext-align:center !important;\r\n\tpadding: 0px !important;\r\n\tline-height:1.5 !important;\r\n\r\n}\r\n#colorbox_main_container_2777 .wpsm_panel-title span{\r\n\tfont-size: 0px !important;\r\n\tcolor:  !important;\r\n\t vertical-align: middle;\r\n\t \t  display:inline-block !important;\r\n\t }\r\n#colorbox_main_container_2777 .wpsm_panel-title a{\r\n\tpadding:0px !important;\r\n\tmargin:0px !important;\r\n\ttext-decoration:none !important;\r\n\toutline:none !important;\r\n\tborder:0px !important;\r\n\t\r\n}\r\n#colorbox_main_container_2777 .wpsm_panel-title a:hover{\r\n\tcolor: #ffffff !important;\r\n}\r\n\r\n#colorbox_main_container_2777 .wpsm_panel-body{\r\n\tcolor:  !important;\r\n\tbackground-color: !important;\r\n\tfont-size:14px !important;\r\n\t\tfont-family: Verdana !important;\r\n\t\toverflow:hidden;\r\n\ttext-align:center!important;\r\n\tline-height:1.5 !important;\r\n\t\tborder-bottom-left-radius: 5px;\r\n\tborder-bottom-right-radius: 5px;\r\n\t}\r\n\r\n \t\t#colorbox_main_container_2777 .wpsm_panel-heading {\r\n\t\t\tbackground-image: url(https:\/\/www.fppe.ca\/sppeca\/wp-content\/plugins\/colorbox-pro\/assets\/images\/style-soft.png);\r\n\t\t\tbackground-position: 0 0;\r\n\t\t\tbackground-repeat: repeat-x;\r\n\t\t}\r\n\t\t\t\r\n\r\n@media (max-width: 992px){\r\n\t.colorbox_singel_box{ \r\n\t\twidth:50% !important;\r\n\t}\r\n}\r\n@media (max-width: 786px){\r\n\t.colorbox_singel_box{ \r\n\t\twidth:100% !important;\r\n\t}\r\n}\t\t\t\t<\/style>\r\n\t\t\t\t<div style=\"display:block;overflow:hidden;width:100%;\">\r\n\t\t\t\t<div id=\"colorbox_main_container_2777\" class=\" colorbox_main_container effect-8 \">\r\n\t\t\t\t\t\t\t\t\t\t<div class=\" wpsm_col-md-6 wpsm_col-sm-6 colorbox_singel_box colorbox_singel_box_2777 \">\r\n\t\t\t\t\t\t<div class=\"wpsm_panel wpsm_panel-default wpsm_panel_default_2777 \" >\r\n\t\t\t\t\t\t  \t\t\t\t\t\t\t\t<div class=\"wpsm_panel-heading\" >\r\n\t\t\t\t\t\t\t\t\t<h3 class=\"wpsm_panel-title\" >\r\n\t\t\t\t\t\t\t\t\t\t\t\t\t\t\t\t\t\t\t\t\tPr\u00e9sidence\t\t\t\t\t\t\t\t\t\t <\/a> \t \r\n\t\t\t\t\t\t\t\t\t<\/h3>\r\n\t\t\t\t\t\t\t\t<\/div> \r\n\t\t\t\t\t\t\t\t\t\t\t\t \r\n\t\t\t\t\t\t\t<div class=\"wpsm_panel-body\" style=\" \">\r\n\t\t\t\t\t\t\t\t<strong><a href=\"mailto:presidence@sppeca.ca\">CHANTAL MARCOUX<\/a><\/strong>\t\r\n\t\t\r\n\r\n\t\t\t\t\t\t\t<\/div>\r\n\t\t\t\t\t\t   \r\n\t\t\t\t\t\t<\/div>\r\n\t\t\t\t\t<\/div>\r\n\t\t\t\t\t\t\t\t\t\t<div class=\" wpsm_col-md-6 wpsm_col-sm-6 colorbox_singel_box colorbox_singel_box_2777 \">\r\n\t\t\t\t\t\t<div class=\"wpsm_panel wpsm_panel-default wpsm_panel_default_2777 \" >\r\n\t\t\t\t\t\t  \t\t\t\t\t\t\t\t<div class=\"wpsm_panel-heading\" >\r\n\t\t\t\t\t\t\t\t\t<h3 class=\"wpsm_panel-title\" >\r\n\t\t\t\t\t\t\t\t\t\t\t\t\t\t\t\t\t\t\t\t\tVice-pr\u00e9sidence\t\t\t\t\t\t\t\t\t\t <\/a> \t \r\n\t\t\t\t\t\t\t\t\t<\/h3>\r\n\t\t\t\t\t\t\t\t<\/div> \r\n\t\t\t\t\t\t\t\t\t\t\t\t \r\n\t\t\t\t\t\t\t<div class=\"wpsm_panel-body\" style=\" \">\r\n\t\t\t\t\t\t\t\t \t<li style=\"text-align: left; padding-left: 0; margin-left: 55px;\"><strong>ROSALIE GAGN\u00c9<\/strong><\/li>\r\n \t<li style=\"text-align: left; padding-left: 0; margin-left: 55px;\"><strong>M\u00c9LANIE LAROCHE<\/a><\/strong><\/li>\r\n \t<li style=\"text-align: left; padding-left: 0; margin-left: 55px;\"><strong>ANNIE RANCOURT<\/strong><\/li>\r\n \t<li style=\"text-align: left; padding-left: 0; margin-left: 55px;\"><strong>SOPHIE LEBLOIS<\/strong><\/li>\t\t\t\t\t\t\t<\/div>\r\n\t\t\t\t\t\t   \r\n\t\t\t\t\t\t<\/div>\r\n\t\t\t\t\t<\/div>\r\n\t\t\t\t\t\t\t\t\t\t<div class=\" wpsm_col-md-6 wpsm_col-sm-6 colorbox_singel_box colorbox_singel_box_2777 \">\r\n\t\t\t\t\t\t<div class=\"wpsm_panel wpsm_panel-default wpsm_panel_default_2777 \" >\r\n\t\t\t\t\t\t  \t\t\t\t\t\t\t\t<div class=\"wpsm_panel-heading\" >\r\n\t\t\t\t\t\t\t\t\t<h3 class=\"wpsm_panel-title\" >\r\n\t\t\t\t\t\t\t\t\t\t\t\t\t\t\t\t\t\t\t\t\tTr\u00e9sorerie\t\t\t\t\t\t\t\t\t\t <\/a> \t \r\n\t\t\t\t\t\t\t\t\t<\/h3>\r\n\t\t\t\t\t\t\t\t<\/div> \r\n\t\t\t\t\t\t\t\t\t\t\t\t \r\n\t\t\t\t\t\t\t<div class=\"wpsm_panel-body\" style=\" \">\r\n\t\t\t\t\t\t\t\t<a href=\"mailto:tresorerie@sppeca.ca\"><strong>ANNIE RANCOURT<\/strong><\/a>\r\n\r\n\t\t\t\t\t\t\t<\/div>\r\n\t\t\t\t\t\t   \r\n\t\t\t\t\t\t<\/div>\r\n\t\t\t\t\t<\/div>\r\n\t\t\t\t\t\t\t\t\t\t<div class=\" wpsm_col-md-6 wpsm_col-sm-6 colorbox_singel_box colorbox_singel_box_2777 \">\r\n\t\t\t\t\t\t<div class=\"wpsm_panel wpsm_panel-default wpsm_panel_default_2777 \" >\r\n\t\t\t\t\t\t  \t\t\t\t\t\t\t\t<div class=\"wpsm_panel-heading\" >\r\n\t\t\t\t\t\t\t\t\t<h3 class=\"wpsm_panel-title\" >\r\n\t\t\t\t\t\t\t\t\t\t\t\t\t\t\t\t\t\t\t\t\tSecr\u00e9tariat\t\t\t\t\t\t\t\t\t\t <\/a> \t \r\n\t\t\t\t\t\t\t\t\t<\/h3>\r\n\t\t\t\t\t\t\t\t<\/div> \r\n\t\t\t\t\t\t\t\t\t\t\t\t \r\n\t\t\t\t\t\t\t<div class=\"wpsm_panel-body\" style=\" \">\r\n\t\t\t\t\t\t\t\t<a href=\"mailto: rene_gelinas@hotmail.com\"><strong>REN\u00c9 G\u00c9LINAS<\/strong><\/a>\r\n\t\t\t\t\t\t\t<\/div>\r\n\t\t\t\t\t\t   \r\n\t\t\t\t\t\t<\/div>\r\n\t\t\t\t\t<\/div>\r\n\t\t\t\t\t\t\t\t\t\t\r\n\t\t\t\t\t<\/div>\r\n\t\t\t\t<\/div>\r\n\t\t\t\t\t\t\t\t\t\t\t\t\t\t\t\t <script>\r\n\t\t\t\t\tnew AnimOnScroll( document.getElementById( 'colorbox_main_container_2777' ), {\r\n\t\t\t\t\t\t minDuration : 0.4,\r\n\t\t\t\t\t\t maxDuration : 0.7,\r\n\t\t\t\t\t\t viewportFactor : 0.1\r\n\t\t\t\t\t} );\r\n\t\t\t\t <\/script>\r\n\t\t\t\t\t\t\t<\/p>\n<h3 style=\"text-align: center\"><span style=\"color: #000000\"><strong>Les d\u00e9l\u00e9gu\u00e9es et leurs adjoints.tes<\/strong><\/span><\/h3>\n<p style=\"text-align: center\">\t\t\r\n\t\t\t\t<style>\r\n\t\t\t\t\t#colorbox_main_container_2871 .wpsm_panel {\r\n\tmargin-bottom: 0px !important;\r\n\tbackground-color: ;\r\n\t\r\n\t\tborder: 1px solid #000000;\r\n\t\t\r\n\t\tborder-radius: 4px;\r\n\t\t\t-webkit-box-shadow:0px 0px 12px 0px #000000;\r\n\tbox-shadow:0px 0px 12px 0px #000000;\r\n\t-moz-box-shadow:0px 0px 12px 0px #000000;\r\n\t   \r\n\t}\r\n\r\n#colorbox_main_container_2871 .wpsm_panel-default > .wpsm_panel-heading {\r\n\tbackground-color: #009e89 !important;\r\n\tborder-color: rgba(0,0,0,0.05);\r\n\tborder-top-left-radius: 0px;\r\n\tborder-top-right-radius: 0px;\r\n\t\tborder-top-left-radius: 4px;\r\n\tborder-top-right-radius: 4px;\r\n\t\ttext-align:center !important;\r\n\tpadding:14px 15px !important;\r\n}\r\n\r\n#colorbox_main_container_2871 .colorbox_singel_box{\r\n  margin-bottom:20px !important;\r\n\t  padding-top: 5px;\r\n}\r\n#colorbox_main_container_2871 .wpsm_panel-title{\r\n\tmargin-top: 0 !important;\r\n\tmargin-bottom: 0 !important;\r\n\tfont-size: 14px !important;\r\n\tcolor: #ffffff !important;\r\n\t\tfont-family: Verdana !important;\r\n\t\tword-wrap:break-word;\r\n\ttext-align:center !important;\r\n\tpadding: 0px !important;\r\n\tline-height:1.5 !important;\r\n\r\n}\r\n#colorbox_main_container_2871 .wpsm_panel-title span{\r\n\tfont-size: 0px !important;\r\n\tcolor: #ffffff !important;\r\n\t vertical-align: middle;\r\n\t \t  display:inline-block !important;\r\n\t }\r\n#colorbox_main_container_2871 .wpsm_panel-title a{\r\n\tpadding:0px !important;\r\n\tmargin:0px !important;\r\n\ttext-decoration:none !important;\r\n\toutline:none !important;\r\n\tborder:0px !important;\r\n\t\r\n}\r\n#colorbox_main_container_2871 .wpsm_panel-title a:hover{\r\n\tcolor: #ffffff !important;\r\n}\r\n\r\n#colorbox_main_container_2871 .wpsm_panel-body{\r\n\tcolor:  !important;\r\n\tbackground-color: !important;\r\n\tfont-size:14px !important;\r\n\t\tfont-family: Verdana !important;\r\n\t\toverflow:hidden;\r\n\ttext-align:center!important;\r\n\tline-height:1.5 !important;\r\n\t\tborder-bottom-left-radius: 4px;\r\n\tborder-bottom-right-radius: 4px;\r\n\t}\r\n\r\n \t\t#colorbox_main_container_2871 .wpsm_panel-heading {\r\n\t\t\tbackground-image: url(https:\/\/www.fppe.ca\/sppeca\/wp-content\/plugins\/colorbox-pro\/assets\/images\/style-soft.png);\r\n\t\t\tbackground-position: 0 0;\r\n\t\t\tbackground-repeat: repeat-x;\r\n\t\t}\r\n\t\t\t\r\n\r\n@media (max-width: 992px){\r\n\t.colorbox_singel_box{ \r\n\t\twidth:50% !important;\r\n\t}\r\n}\r\n@media (max-width: 786px){\r\n\t.colorbox_singel_box{ \r\n\t\twidth:100% !important;\r\n\t}\r\n}\t\t\t\t<\/style>\r\n\t\t\t\t<div style=\"display:block;overflow:hidden;width:100%;\">\r\n\t\t\t\t<div id=\"colorbox_main_container_2871\" class=\" colorbox_main_container effect-8 \">\r\n\t\t\t\t\t\t\t\t\t\t<div class=\" wpsm_col-md-6 wpsm_col-sm-6 colorbox_singel_box colorbox_singel_box_2871 \">\r\n\t\t\t\t\t\t<div class=\"wpsm_panel wpsm_panel-default wpsm_panel_default_2871 \" >\r\n\t\t\t\t\t\t  \t\t\t\t\t\t\t\t<div class=\"wpsm_panel-heading\" >\r\n\t\t\t\t\t\t\t\t\t<h3 class=\"wpsm_panel-title\" >\r\n\t\t\t\t\t\t\t\t\t\t\t\t\t\t\t\t\t\t\t\t\tCSS des Appalaches\t\t\t\t\t\t\t\t\t\t <\/a> \t \r\n\t\t\t\t\t\t\t\t\t<\/h3>\r\n\t\t\t\t\t\t\t\t<\/div> \r\n\t\t\t\t\t\t\t\t\t\t\t\t \r\n\t\t\t\t\t\t\t<div class=\"wpsm_panel-body\" style=\" \">\r\n\t\t\t\t\t\t\t\t<strong><a href=\"mailto: cssa@sppeca.ca\">M\u00c9LANIE LAROCHE <\/a><\/strong><br>\r\n<a href=\"mailto: sebastien.rouleau@csappalaches.qc.ca\">S\u00c9BASTIEN ROULEAU (adjoint)<\/a> \t\t\t\t\t\t\t<\/div>\r\n\t\t\t\t\t\t   \r\n\t\t\t\t\t\t<\/div>\r\n\t\t\t\t\t<\/div>\r\n\t\t\t\t\t\t\t\t\t\t<div class=\" wpsm_col-md-6 wpsm_col-sm-6 colorbox_singel_box colorbox_singel_box_2871 \">\r\n\t\t\t\t\t\t<div class=\"wpsm_panel wpsm_panel-default wpsm_panel_default_2871 \" >\r\n\t\t\t\t\t\t  \t\t\t\t\t\t\t\t<div class=\"wpsm_panel-heading\" >\r\n\t\t\t\t\t\t\t\t\t<h3 class=\"wpsm_panel-title\" >\r\n\t\t\t\t\t\t\t\t\t\t\t\t\t\t\t\t\t\t\t\t\tCSS de la C\u00f4te-du-Sud\t\t\t\t\t\t\t\t\t\t <\/a> \t \r\n\t\t\t\t\t\t\t\t\t<\/h3>\r\n\t\t\t\t\t\t\t\t<\/div> \r\n\t\t\t\t\t\t\t\t\t\t\t\t \r\n\t\t\t\t\t\t\t<div class=\"wpsm_panel-body\" style=\" \">\r\n\t\t\t\t\t\t\t\t<strong><a href=\"mailto: csscs@sppeca.ca\">SOPHIE LEBLOIS (d\u00e9l\u00e9gu\u00e9e)<\/a><strong>\r\n<br>\r\n<a href=\"mailto: annie.laverdiere@csscotesud.gouv.qc.ca\">ANNIE LAVERDI\u00c8RE (adjointe)<\/a><br>\r\n<span style=\"color: #0000ff;\"><strong><a style=\"color: #0000ff;\" href=\"https:\/\/www.fppe.ca\/sppeca\/2024\/10\/26\/message-de-la-par-des-representantes-de-lunite-cote-du-sud\/\">Pr\u00e9sentation de l'\u00e9quipe<\/a><\/strong><\/span>\t\t\t\t\t\t\t<\/div>\r\n\t\t\t\t\t\t   \r\n\t\t\t\t\t\t<\/div>\r\n\t\t\t\t\t<\/div>\r\n\t\t\t\t\t\t\t\t\t\t<div class=\" wpsm_col-md-6 wpsm_col-sm-6 colorbox_singel_box colorbox_singel_box_2871 \">\r\n\t\t\t\t\t\t<div class=\"wpsm_panel wpsm_panel-default wpsm_panel_default_2871 \" >\r\n\t\t\t\t\t\t  \t\t\t\t\t\t\t\t<div class=\"wpsm_panel-heading\" >\r\n\t\t\t\t\t\t\t\t\t<h3 class=\"wpsm_panel-title\" >\r\n\t\t\t\t\t\t\t\t\t\t\t\t\t\t\t\t\t\t\t\t\tCSS de la Beauce-Etchemin\t\t\t\t\t\t\t\t\t\t <\/a> \t \r\n\t\t\t\t\t\t\t\t\t<\/h3>\r\n\t\t\t\t\t\t\t\t<\/div> \r\n\t\t\t\t\t\t\t\t\t\t\t\t \r\n\t\t\t\t\t\t\t<div class=\"wpsm_panel-body\" style=\" \">\r\n\t\t\t\t\t\t\t\t<a href=\"mailto: cssbe@sppeca.ca\"><strong>ANNIE RANCOURT <\/strong> <\/a><br>\r\n\r\n<a href=\"mailto:chantal.i.poulin@cssbe.gouv.qc.ca\">CHANTAL POULIN (adjointe)<\/a><br>\r\n\r\n<a href=\"mailto:jessica.i.roy@cssbe.gouv.qc.ca\">JESSICA ROY (adjointe)<\/a><br>\r\n<a href=\"mailto:guillaume.lessard@cssbe.gouv.qc.ca\">GUILLAUME LESSARD (adjoint)<\/a><br>\r\n<span style=\"color: #0000ff;\"><strong><a style=\"color: #0000ff;\" href=\"https:\/\/www.fppe.ca\/sppeca\/2025\/10\/19\/message-de-la-par-des-representantes-de-lunite-de-beauce-etchemin\/\">Pr\u00e9sentation de l'\u00e9quipe<\/a><\/strong><\/span>\t\t\t\t\t\t\t<\/div>\r\n\t\t\t\t\t\t   \r\n\t\t\t\t\t\t<\/div>\r\n\t\t\t\t\t<\/div>\r\n\t\t\t\t\t\t\t\t\t\t<div class=\" wpsm_col-md-6 wpsm_col-sm-6 colorbox_singel_box colorbox_singel_box_2871 \">\r\n\t\t\t\t\t\t<div class=\"wpsm_panel wpsm_panel-default wpsm_panel_default_2871 \" >\r\n\t\t\t\t\t\t  \t\t\t\t\t\t\t\t<div class=\"wpsm_panel-heading\" >\r\n\t\t\t\t\t\t\t\t\t<h3 class=\"wpsm_panel-title\" >\r\n\t\t\t\t\t\t\t\t\t\t\t\t\t\t\t\t\t\t\t\t\tCSS des Navigateurs\t\t\t\t\t\t\t\t\t\t <\/a> \t \r\n\t\t\t\t\t\t\t\t\t<\/h3>\r\n\t\t\t\t\t\t\t\t<\/div> \r\n\t\t\t\t\t\t\t\t\t\t\t\t \r\n\t\t\t\t\t\t\t<div class=\"wpsm_panel-body\" style=\" \">\r\n\t\t\t\t\t\t\t\t<a href=\"mailto: cssdn@sppeca.ca\"><strong>ROSALIE GAGN\u00c9<\/strong><\/a><br>\r\n\r\n<a href=\"mailto:Marie-Christine.Bergeron-Laroche@cssdn.gouv.qc.ca@cssdn.gouv.qc.ca\">MARIE-CHRISTINE BERGERON-LAROCHE (adjointe)<\/a><br>\r\n\r\n<a href=\"mailto:josee.gingras@cssdn.gouv.qc.ca\">JOS\u00c9E GINGRAS (adjointe)<\/a><br>\r\n\r\n\r\n<a href=\"mailto:marie-eve.fortin@cssdn.gouv.qc.ca\"> MARIE-EVE FORTIN (adjointe)<\/a><br>\r\n\r\n<span style=\"color: #0000ff;\"><strong><a style=\"color: #0000ff;\" href=\"https:\/\/www.fppe.ca\/sppeca\/2024\/09\/25\/message-de-la-par-des-representantes-de-lunite-des-navigateurs\/\">Pr\u00e9sentation de l'\u00e9quipe<\/a><\/strong><\/span>\t\t\t\t\t\t\t<\/div>\r\n\t\t\t\t\t\t   \r\n\t\t\t\t\t\t<\/div>\r\n\t\t\t\t\t<\/div>\r\n\t\t\t\t\t\t\t\t\t\t\r\n\t\t\t\t\t<\/div>\r\n\t\t\t\t<\/div>\r\n\t\t\t\t\t\t\t\t\t\t\t\t\t\t\t\t <script>\r\n\t\t\t\t\tnew AnimOnScroll( document.getElementById( 'colorbox_main_container_2871' ), {\r\n\t\t\t\t\t\t minDuration : 0.4,\r\n\t\t\t\t\t\t maxDuration : 0.7,\r\n\t\t\t\t\t\t viewportFactor : 0.1\r\n\t\t\t\t\t} );\r\n\t\t\t\t <\/script>\r\n\t\t\t\t\t\t\t<\/p>\n","protected":false},"excerpt":{"rendered":"<p>L&rsquo;ex\u00e9cutif Les d\u00e9l\u00e9gu\u00e9es et leurs adjoints.tes<\/p>\n","protected":false},"author":1,"featured_media":3298,"parent":9,"menu_order":2,"comment_status":"open","ping_status":"closed","template":"","meta":{"footnotes":""},"class_list":["post-11","page","type-page","status-publish","has-post-thumbnail","czr-hentry"],"_links":{"self":[{"href":"https:\/\/www.fppe.ca\/sppeca\/wp-json\/wp\/v2\/pages\/11","targetHints":{"allow":["GET"]}}],"collection":[{"href":"https:\/\/www.fppe.ca\/sppeca\/wp-json\/wp\/v2\/pages"}],"about":[{"href":"https:\/\/www.fppe.ca\/sppeca\/wp-json\/wp\/v2\/types\/page"}],"author":[{"embeddable":true,"href":"https:\/\/www.fppe.ca\/sppeca\/wp-json\/wp\/v2\/users\/1"}],"replies":[{"embeddable":true,"href":"https:\/\/www.fppe.ca\/sppeca\/wp-json\/wp\/v2\/comments?post=11"}],"version-history":[{"count":30,"href":"https:\/\/www.fppe.ca\/sppeca\/wp-json\/wp\/v2\/pages\/11\/revisions"}],"predecessor-version":[{"id":3394,"href":"https:\/\/www.fppe.ca\/sppeca\/wp-json\/wp\/v2\/pages\/11\/revisions\/3394"}],"up":[{"embeddable":true,"href":"https:\/\/www.fppe.ca\/sppeca\/wp-json\/wp\/v2\/pages\/9"}],"wp:featuredmedia":[{"embeddable":true,"href":"https:\/\/www.fppe.ca\/sppeca\/wp-json\/wp\/v2\/media\/3298"}],"wp:attachment":[{"href":"https:\/\/www.fppe.ca\/sppeca\/wp-json\/wp\/v2\/media?parent=11"}],"curies":[{"name":"wp","href":"https:\/\/api.w.org\/{rel}","templated":true}]}}