{"id":2924,"date":"2024-06-06T11:43:44","date_gmt":"2024-06-06T15:43:44","guid":{"rendered":"https:\/\/www.fppe.ca\/sppry\/?page_id=2924"},"modified":"2025-09-30T15:29:13","modified_gmt":"2025-09-30T19:29:13","slug":"droits-parentaux","status":"publish","type":"page","link":"https:\/\/www.fppe.ca\/sppery\/droits-parentaux\/","title":{"rendered":"Droits parentaux"},"content":{"rendered":"<p>La section <a href=\"https:\/\/www.fppe.ca\/vos-droits\/rqap\/\" target=\"_blank\" rel=\"noopener\">droits parentaux<\/a> regroupe des informations sur l&rsquo;application de la convention et le R\u00e9gime qu\u00e9b\u00e9cois d&rsquo;assurance parentale (RQAP) de m\u00eame qu&rsquo;un guide, un formulaire de pr\u00e9paration avant de rencontrer votre repr\u00e9sentante syndicale et des mod\u00e8les de lettres pour vous accompagner dans vos d\u00e9marches.<\/p>\n<p>&nbsp;<\/p>\n<p>Consulter aussi :<\/p>\n<p><a href=\"https:\/\/www.lacsq.org\/services\/securite-sociale\/nouvelles-mesures-rqap\/\" target=\"_blank\" rel=\"noopener\">Nouvelles mesures RQAP<\/a><\/p>\n<p><a href=\"https:\/\/www.lacsq.org\/services\/securite-sociale\/droits-parentaux\/\" target=\"_blank\" rel=\"noopener\">FAQ site de la CSQ<\/a><\/p>\n<p>&nbsp;<\/p>\n","protected":false},"excerpt":{"rendered":"<p>La section droits parentaux regroupe des informations sur l&rsquo;application de la convention et le R\u00e9gime qu\u00e9b\u00e9cois d&rsquo;assurance parentale (RQAP) de m\u00eame qu&rsquo;un guide, un formulaire de pr\u00e9paration avant de rencontrer votre repr\u00e9sentante syndicale et des mod\u00e8les de lettres pour vous accompagner dans vos d\u00e9marches. &nbsp; Consulter aussi : Nouvelles mesures RQAP FAQ site de la&hellip;<\/p>\n","protected":false},"author":20,"featured_media":0,"parent":0,"menu_order":0,"comment_status":"closed","ping_status":"closed","template":"","meta":{"footnotes":""},"class_list":["post-2924","page","type-page","status-publish","hentry"],"_links":{"self":[{"href":"https:\/\/www.fppe.ca\/sppery\/wp-json\/wp\/v2\/pages\/2924","targetHints":{"allow":["GET"]}}],"collection":[{"href":"https:\/\/www.fppe.ca\/sppery\/wp-json\/wp\/v2\/pages"}],"about":[{"href":"https:\/\/www.fppe.ca\/sppery\/wp-json\/wp\/v2\/types\/page"}],"author":[{"embeddable":true,"href":"https:\/\/www.fppe.ca\/sppery\/wp-json\/wp\/v2\/users\/20"}],"replies":[{"embeddable":true,"href":"https:\/\/www.fppe.ca\/sppery\/wp-json\/wp\/v2\/comments?post=2924"}],"version-history":[{"count":4,"href":"https:\/\/www.fppe.ca\/sppery\/wp-json\/wp\/v2\/pages\/2924\/revisions"}],"predecessor-version":[{"id":3175,"href":"https:\/\/www.fppe.ca\/sppery\/wp-json\/wp\/v2\/pages\/2924\/revisions\/3175"}],"wp:attachment":[{"href":"https:\/\/www.fppe.ca\/sppery\/wp-json\/wp\/v2\/media?parent=2924"}],"curies":[{"name":"wp","href":"https:\/\/api.w.org\/{rel}","templated":true}]}}