{"id":2925,"date":"2024-06-06T11:43:44","date_gmt":"2024-06-06T15:43:44","guid":{"rendered":"https:\/\/www.fppe.ca\/sppry\/?page_id=2925"},"modified":"2025-09-30T15:59:16","modified_gmt":"2025-09-30T19:59:16","slug":"retraite","status":"publish","type":"page","link":"https:\/\/www.fppe.ca\/sppery\/retraite\/","title":{"rendered":"Retraite"},"content":{"rendered":"<p>Consultez le site du <a href=\"https:\/\/www.retraitequebec.gouv.qc.ca\/fr\/publications\/rrsp\/rregop\/Pages\/rregop.aspx\" target=\"_blank\" rel=\"noopener\">RREGOP<\/a>, le R\u00e9gime de retraire du personnel employ\u00e9 du gouvernement et des organismes publics<\/p>\n<p>Pour vous aider \u00e0 mieux planifier financi\u00e8rement votre retraite, consultez \u00e9galement les sections <a href=\"https:\/\/www.rrq.gouv.qc.ca\/fr\/planification\/Pages\/planification.aspx\">Planifiez votre retraite<\/a> du site et utilisez les outils <a href=\"https:\/\/www.rrq.gouv.qc.ca\/fr\/services\/services_en_ligne\/planification\/Pages\/simulation.aspx\">SimulRetraite<\/a>\u00a0et\u00a0<a href=\"https:\/\/www.retraitequebec.gouv.qc.ca\/fr\/services-en-ligne-outils\/simulr\/Pages\/simulr.aspx\">SimulR<\/a>.<\/p>\n<p>&nbsp;<\/p>\n<p>PR\u00c9PARATION \u00c0 LA RETRAITE<\/p>\n<p>Vous pr\u00e9voyez prendre votre retraite dans un horizon de 5 ans? L&rsquo;AREQ, le mouvement des personnes retrait\u00e9es CSQ, organise des <a href=\"https:\/\/areq.lacsq.org\/services-aux-membres\/preparation-a-la-retraite\/\" target=\"_blank\" rel=\"noopener\">sessions de pr\u00e9paration \u00e0 la retraite<\/a>. Consultez le site de l&rsquo;AREQ pour conna\u00eetre les dates et lieux des <a href=\"https:\/\/areqspr.gofino.ca\/sessions\/\">sessions en pr\u00e9sence<\/a>, des <a href=\"https:\/\/areqspr.gofino.ca\/virtuel\/\" target=\"_blank\" rel=\"noopener\">sessions virtuelles<\/a> sur diff\u00e9rents sujets, et des s\u00e9ances d&rsquo;information pour se <a href=\"https:\/\/areqspr.gofino.ca\/se-preparer-a-tout-age\/\">pr\u00e9parer \u00e0 tout \u00e2ge<\/a>.<\/p>\n<p>Communiquez avec votre d\u00e9l\u00e9gu\u00e9e pour toute information.<\/p>\n<p>&nbsp;<\/p>\n","protected":false},"excerpt":{"rendered":"<p>Consultez le site du RREGOP, le R\u00e9gime de retraire du personnel employ\u00e9 du gouvernement et des organismes publics Pour vous aider \u00e0 mieux planifier financi\u00e8rement votre retraite, consultez \u00e9galement les sections Planifiez votre retraite du site et utilisez les outils SimulRetraite\u00a0et\u00a0SimulR. &nbsp; PR\u00c9PARATION \u00c0 LA RETRAITE Vous pr\u00e9voyez prendre votre retraite dans un horizon de&hellip;<\/p>\n","protected":false},"author":20,"featured_media":0,"parent":0,"menu_order":0,"comment_status":"closed","ping_status":"closed","template":"","meta":{"footnotes":""},"class_list":["post-2925","page","type-page","status-publish","hentry"],"_links":{"self":[{"href":"https:\/\/www.fppe.ca\/sppery\/wp-json\/wp\/v2\/pages\/2925","targetHints":{"allow":["GET"]}}],"collection":[{"href":"https:\/\/www.fppe.ca\/sppery\/wp-json\/wp\/v2\/pages"}],"about":[{"href":"https:\/\/www.fppe.ca\/sppery\/wp-json\/wp\/v2\/types\/page"}],"author":[{"embeddable":true,"href":"https:\/\/www.fppe.ca\/sppery\/wp-json\/wp\/v2\/users\/20"}],"replies":[{"embeddable":true,"href":"https:\/\/www.fppe.ca\/sppery\/wp-json\/wp\/v2\/comments?post=2925"}],"version-history":[{"count":3,"href":"https:\/\/www.fppe.ca\/sppery\/wp-json\/wp\/v2\/pages\/2925\/revisions"}],"predecessor-version":[{"id":3177,"href":"https:\/\/www.fppe.ca\/sppery\/wp-json\/wp\/v2\/pages\/2925\/revisions\/3177"}],"wp:attachment":[{"href":"https:\/\/www.fppe.ca\/sppery\/wp-json\/wp\/v2\/media?parent=2925"}],"curies":[{"name":"wp","href":"https:\/\/api.w.org\/{rel}","templated":true}]}}